{"id":185,"date":"2017-09-05T19:00:21","date_gmt":"2017-09-05T17:00:21","guid":{"rendered":"http:\/\/grimpo6.org\/?page_id=185"},"modified":"2025-11-07T13:13:40","modified_gmt":"2025-11-07T12:13:40","slug":"lassociation-presentation","status":"publish","type":"page","link":"https:\/\/grimpo6.org\/index.php\/lassociation-presentation\/","title":{"rendered":"L&rsquo;association : pr\u00e9sentation et contacts"},"content":{"rendered":"\n<h4 class=\"wp-block-heading has-accent-color has-text-color\"><strong>Tu veux rejoindre Grimpo6 ? Voici quelques lignes \u00e0 lire et avoir en t\u00eate avant de rejoindre l&rsquo;aventure \ud83d\ude42<\/strong><\/h4>\n\n\n\n<div class=\"wp-block-media-text is-stacked-on-mobile is-vertically-aligned-top\" style=\"grid-template-columns:16% auto\"><figure class=\"wp-block-media-text__media\"><img loading=\"lazy\" decoding=\"async\" width=\"695\" height=\"1024\" src=\"https:\/\/grimpo6.org\/wp-content\/uploads\/2021\/08\/GRIMPO_6_1-1-695x1024.jpg\" alt=\"\" class=\"wp-image-1973 size-full\" srcset=\"https:\/\/grimpo6.org\/wp-content\/uploads\/2021\/08\/GRIMPO_6_1-1-695x1024.jpg 695w, https:\/\/grimpo6.org\/wp-content\/uploads\/2021\/08\/GRIMPO_6_1-1-204x300.jpg 204w, https:\/\/grimpo6.org\/wp-content\/uploads\/2021\/08\/GRIMPO_6_1-1-768x1132.jpg 768w, https:\/\/grimpo6.org\/wp-content\/uploads\/2021\/08\/GRIMPO_6_1-1-1042x1536.jpg 1042w, https:\/\/grimpo6.org\/wp-content\/uploads\/2021\/08\/GRIMPO_6_1-1-1389x2048.jpg 1389w, https:\/\/grimpo6.org\/wp-content\/uploads\/2021\/08\/GRIMPO_6_1-1-600x884.jpg 600w, https:\/\/grimpo6.org\/wp-content\/uploads\/2021\/08\/GRIMPO_6_1-1-945x1393.jpg 945w, https:\/\/grimpo6.org\/wp-content\/uploads\/2021\/08\/GRIMPO_6_1-1-scaled.jpg 1737w\" sizes=\"auto, (max-width: 695px) 100vw, 695px\" \/><\/figure><div class=\"wp-block-media-text__content\">\n<p><strong>Grimpo6 est une<\/strong>&nbsp;<strong>association d&rsquo;escalade affili\u00e9e \u00e0 la FSGT<\/strong>&nbsp;&#8211; F\u00e9d\u00e9ration Sportive et Gymnique du Travail.<\/p>\n\n\n\n<p class=\"has-accent-color has-text-color\"><strong>Qu&rsquo;est-ce que la FSGT ?<\/strong><\/p>\n\n\n\n<p>Cr\u00e9\u00e9e en 1934 au sein du mouvement sportif ouvrier et dans la lutte contre le fascisme, cette<strong>&nbsp;f\u00e9d\u00e9ration omnisports promeut le droit d\u2019acc\u00e8s au sport de toutes et tous<\/strong>, en se donnant comme objectif : le d\u00e9veloppement de contenus d\u2019activit\u00e9s, de vie associative et de formation adapt\u00e9s aux besoins de la population. C&rsquo;est aujourd&rsquo;hui encore une association militante engag\u00e9e dans des combats populaires.<\/p>\n\n\n\n<p>Affili\u00e9s \u00e0 la FSGT, nous relayons les communications officielles \u00e0 nos adh\u00e9rents, partageons les projets, \u00e9v\u00e9nements et actions qui sont en ligne avec les valeurs et combats de la f\u00e9d\u00e9ration.<\/p>\n\n\n<div class=\"wp-block-image\">\n<figure class=\"aligncenter size-full is-resized\"><img loading=\"lazy\" decoding=\"async\" width=\"1200\" height=\"905\" src=\"https:\/\/grimpo6.org\/wp-content\/uploads\/2025\/08\/Logo_FSGT.svg_.png\" alt=\"\" class=\"wp-image-4137\" style=\"width:169px;height:auto\" srcset=\"https:\/\/grimpo6.org\/wp-content\/uploads\/2025\/08\/Logo_FSGT.svg_.png 1200w, https:\/\/grimpo6.org\/wp-content\/uploads\/2025\/08\/Logo_FSGT.svg_-300x226.png 300w, https:\/\/grimpo6.org\/wp-content\/uploads\/2025\/08\/Logo_FSGT.svg_-1024x772.png 1024w, https:\/\/grimpo6.org\/wp-content\/uploads\/2025\/08\/Logo_FSGT.svg_-768x579.png 768w, https:\/\/grimpo6.org\/wp-content\/uploads\/2025\/08\/Logo_FSGT.svg_-600x453.png 600w, https:\/\/grimpo6.org\/wp-content\/uploads\/2025\/08\/Logo_FSGT.svg_-945x713.png 945w\" sizes=\"auto, (max-width: 1200px) 100vw, 1200px\" \/><\/figure>\n<\/div>\n\n\n<p class=\"has-white-color has-accent-background-color has-text-color has-background has-link-color wp-elements-8a73fc39b4d85944b407bec75685ee5d\">En savoir plus sur l&rsquo;activit\u00e9 <strong>Montagne-Escalade<\/strong> en Ile-de-France : <a href=\"http:\/\/idf.fsgt.org\/activites\/montagne-escalade\/\" target=\"_blank\" rel=\"noreferrer noopener\">sur le site web de la FSGT.<\/a><\/p>\n<\/div><\/div>\n\n\n\n<p><\/p>\n\n\n\n<p class=\"has-accent-color has-text-color\"><strong>Comment nous&nbsp;fonctionnons chez Grimpo6 ?<\/strong><\/p>\n\n\n\n<p class=\"has-black-color has-text-color\"><strong>Grimpo6 partage les valeurs de la FSGT :<\/strong>&nbsp;en rejoignant Grimpo6,&nbsp;<strong>c&rsquo;est une aventure collective que vous rejoindrez et ce sont des valeurs fortes, un \u00e9tat d&rsquo;esprit que vous partagerez !<\/strong><\/p>\n\n\n\n<p><strong>Grimpo6<\/strong><strong>&nbsp;repose sur<\/strong>&nbsp;<strong>le&nbsp;<\/strong><strong>b\u00e9n\u00e9volat de ses membres<\/strong>&nbsp;: chacun d&rsquo;entre nous participe \u00e0 la vie de l&rsquo;association !&nbsp;<\/p>\n\n\n\n<p class=\"has-accent-color has-text-color\"><strong>En rejoignant Grimpo6, vous aussi, vous vous engagez \u00e0 donner un peu, ou beaucoup :), de votre temps pour faire vivre notre asso !&nbsp;<\/strong><\/p>\n\n\n\n<p>C&rsquo;est l&rsquo;investissement du plus grand nombre qui permet de faire vivre notre activit\u00e9, de former des nouveaux membres, de g\u00e9rer notre mur, d&rsquo;organiser des sorties, des s\u00e9ances de d\u00e9couverte pour diff\u00e9rents publics&#8230; et de d\u00e9velopper d&rsquo;autres projets dans le futur \ud83d\ude42<\/p>\n\n\n\n<p><strong>La pratique de l&rsquo;escalade, au sein de Grimpo6,&nbsp;est le moyen de&nbsp;nous rencontrer, de partager et de transmettre.&nbsp;<\/strong>Nous sommes convaincus que la dimension sociale, amicale, chaleureuse des relations est au c\u0153ur du projet de l\u2019association !<\/p>\n\n\n\n<p><strong>Grimpo6 accueille tout le monde<\/strong>, du plus jeune au plus \u00e2g\u00e9, du plus ais\u00e9 au moins favoris\u00e9, avec une seule demande en \u00e9change :&nbsp;<strong>participer \u00e0 la vie, aux d\u00e9bats et aux orientations de l&rsquo;association.&nbsp;<\/strong><\/p>\n\n\n\n<p><em>Par exemple :<\/em><br>&#8211; un syst\u00e8me fond\u00e9 sur la confiance permet \u00e0 chacun de payer moins par n\u00e9cessit\u00e9 ou de payer plus par solidarit\u00e9, pour les inscriptions comme pour les sorties<br>&#8211; un p\u00f4le escalade pour tous avec une dizaine de sessions d\u00e9couverte par an pour des publics qui n&rsquo;y ont pas acc\u00e8s (handicap\u00e9es, en difficult\u00e9 financi\u00e8re ou sociale)<br>&#8211; un club fond\u00e9 enti\u00e8rement sur le b\u00e9n\u00e9volat, dirig\u00e9 par ses membres<\/p>\n\n\n<div class=\"wp-block-image\">\n<figure class=\"aligncenter size-large is-resized\"><img loading=\"lazy\" decoding=\"async\" width=\"1024\" height=\"576\" src=\"https:\/\/grimpo6.org\/wp-content\/uploads\/2021\/09\/WhatsApp-Image-2021-09-26-at-11.53.15-1024x576.jpeg\" alt=\"\" class=\"wp-image-2158\" style=\"width:712px;height:400px\" srcset=\"https:\/\/grimpo6.org\/wp-content\/uploads\/2021\/09\/WhatsApp-Image-2021-09-26-at-11.53.15-1024x576.jpeg 1024w, https:\/\/grimpo6.org\/wp-content\/uploads\/2021\/09\/WhatsApp-Image-2021-09-26-at-11.53.15-300x169.jpeg 300w, https:\/\/grimpo6.org\/wp-content\/uploads\/2021\/09\/WhatsApp-Image-2021-09-26-at-11.53.15-768x432.jpeg 768w, https:\/\/grimpo6.org\/wp-content\/uploads\/2021\/09\/WhatsApp-Image-2021-09-26-at-11.53.15-1536x864.jpeg 1536w, https:\/\/grimpo6.org\/wp-content\/uploads\/2021\/09\/WhatsApp-Image-2021-09-26-at-11.53.15-600x338.jpeg 600w, https:\/\/grimpo6.org\/wp-content\/uploads\/2021\/09\/WhatsApp-Image-2021-09-26-at-11.53.15-945x532.jpeg 945w, https:\/\/grimpo6.org\/wp-content\/uploads\/2021\/09\/WhatsApp-Image-2021-09-26-at-11.53.15.jpeg 1600w\" sizes=\"auto, (max-width: 1024px) 100vw, 1024px\" \/><\/figure>\n<\/div>","protected":false},"excerpt":{"rendered":"<p>Tu veux rejoindre Grimpo6 ? Voici quelques lignes \u00e0 lire et avoir en t\u00eate avant de rejoindre l&rsquo;aventure \ud83d\ude42 Comment nous&nbsp;fonctionnons chez Grimpo6 ? Grimpo6 partage les valeurs de la FSGT :&nbsp;en rejoignant Grimpo6,&nbsp;c&rsquo;est une aventure collective que vous rejoindrez&#8230; <a class=\"more-link\" href=\"https:\/\/grimpo6.org\/index.php\/lassociation-presentation\/\">Continue Reading &rarr;<\/a><\/p>\n","protected":false},"author":11,"featured_media":0,"parent":0,"menu_order":2,"comment_status":"closed","ping_status":"closed","template":"","meta":{"footnotes":""},"class_list":["post-185","page","type-page","status-publish","hentry"],"_links":{"self":[{"href":"https:\/\/grimpo6.org\/index.php\/wp-json\/wp\/v2\/pages\/185","targetHints":{"allow":["GET"]}}],"collection":[{"href":"https:\/\/grimpo6.org\/index.php\/wp-json\/wp\/v2\/pages"}],"about":[{"href":"https:\/\/grimpo6.org\/index.php\/wp-json\/wp\/v2\/types\/page"}],"author":[{"embeddable":true,"href":"https:\/\/grimpo6.org\/index.php\/wp-json\/wp\/v2\/users\/11"}],"replies":[{"embeddable":true,"href":"https:\/\/grimpo6.org\/index.php\/wp-json\/wp\/v2\/comments?post=185"}],"version-history":[{"count":86,"href":"https:\/\/grimpo6.org\/index.php\/wp-json\/wp\/v2\/pages\/185\/revisions"}],"predecessor-version":[{"id":4226,"href":"https:\/\/grimpo6.org\/index.php\/wp-json\/wp\/v2\/pages\/185\/revisions\/4226"}],"wp:attachment":[{"href":"https:\/\/grimpo6.org\/index.php\/wp-json\/wp\/v2\/media?parent=185"}],"curies":[{"name":"wp","href":"https:\/\/api.w.org\/{rel}","templated":true}]}}