{"id":367,"date":"2018-07-31T17:37:40","date_gmt":"2018-07-31T15:37:40","guid":{"rendered":"http:\/\/grimpo6.org\/?page_id=367"},"modified":"2021-12-08T11:52:17","modified_gmt":"2021-12-08T10:52:17","slug":"sorties","status":"publish","type":"page","link":"https:\/\/grimpo6.org\/index.php\/sorties\/","title":{"rendered":"Sorties"},"content":{"rendered":"<p>Les membres de Grimpo6 organisent r\u00e9guli\u00e8rement des sorties. Elles s&rsquo;adressent aussi bien aux grands d\u00e9butants qu&rsquo;aux grimpeurs chevronn\u00e9s !<\/p>\n<p>Tout membre peut initier l&rsquo;organisation d&rsquo;une sortie. Celle-ci doit simplement \u00eatre valid\u00e9e par le p\u00f4le Sorties.<\/p>\n\n\n<p class=\"has-text-align-center\"><strong>Toutes les infos sur comment organiser une Sortie Grimpo6 <a href=\"https:\/\/grimpo6.org\/index.php\/sorties\/organiser-une-sortie\/\" target=\"_blank\" rel=\"noreferrer noopener\">sont ICI<\/a>.<\/strong><\/p>\n","protected":false},"excerpt":{"rendered":"<p>Les membres de Grimpo6 organisent r\u00e9guli\u00e8rement des sorties. Elles s&rsquo;adressent aussi bien aux grands d\u00e9butants qu&rsquo;aux grimpeurs chevronn\u00e9s ! Tout membre peut initier l&rsquo;organisation d&rsquo;une sortie. Celle-ci doit simplement \u00eatre valid\u00e9e par le p\u00f4le Sorties. Toutes les infos sur comment&#8230; <a class=\"more-link\" href=\"https:\/\/grimpo6.org\/index.php\/sorties\/\">Continue Reading &rarr;<\/a><\/p>\n","protected":false},"author":4,"featured_media":0,"parent":0,"menu_order":6,"comment_status":"closed","ping_status":"closed","template":"","meta":{"footnotes":""},"class_list":["post-367","page","type-page","status-publish","hentry"],"_links":{"self":[{"href":"https:\/\/grimpo6.org\/index.php\/wp-json\/wp\/v2\/pages\/367","targetHints":{"allow":["GET"]}}],"collection":[{"href":"https:\/\/grimpo6.org\/index.php\/wp-json\/wp\/v2\/pages"}],"about":[{"href":"https:\/\/grimpo6.org\/index.php\/wp-json\/wp\/v2\/types\/page"}],"author":[{"embeddable":true,"href":"https:\/\/grimpo6.org\/index.php\/wp-json\/wp\/v2\/users\/4"}],"replies":[{"embeddable":true,"href":"https:\/\/grimpo6.org\/index.php\/wp-json\/wp\/v2\/comments?post=367"}],"version-history":[{"count":30,"href":"https:\/\/grimpo6.org\/index.php\/wp-json\/wp\/v2\/pages\/367\/revisions"}],"predecessor-version":[{"id":2406,"href":"https:\/\/grimpo6.org\/index.php\/wp-json\/wp\/v2\/pages\/367\/revisions\/2406"}],"wp:attachment":[{"href":"https:\/\/grimpo6.org\/index.php\/wp-json\/wp\/v2\/media?parent=367"}],"curies":[{"name":"wp","href":"https:\/\/api.w.org\/{rel}","templated":true}]}}