{"id":3963,"date":"2025-04-09T16:42:36","date_gmt":"2025-04-09T14:42:36","guid":{"rendered":"https:\/\/grimpo6.org\/?page_id=3963"},"modified":"2025-04-09T17:19:53","modified_gmt":"2025-04-09T15:19:53","slug":"cool-alpi-nord-fsgt","status":"publish","type":"page","link":"https:\/\/grimpo6.org\/index.php\/sorties\/cool-alpi-nord-fsgt\/","title":{"rendered":"Coop Alpi Nord FSGT"},"content":{"rendered":"\n<p class=\"has-accent-color has-text-color has-link-color wp-elements-29ae1eb6be34df4a70a7aadd69808f42\">Grimpo6 est adh\u00e9rent \u00e0 la <strong>Coop Alpi Nord FSGT. <\/strong><\/p>\n\n\n\n<p class=\"has-accent-color has-text-color has-link-color wp-elements-bee71385737b67e7685bcbd1ad61ef5b\">La <strong>Coop Alpi Nord <\/strong>est une association FSGT qui <strong>met \u00e0 disposition du mat\u00e9riel de montagne pour ses clubs adh\u00e9rents<\/strong>.<\/p>\n\n\n\n<p class=\"has-black-color has-text-color has-link-color wp-elements-dae2bd1986e90986caf3a5b0c5f6401e\">Elle permet de mutualiser les co\u00fbts d\u2019acquisition et d\u2019entretien de l\u2019\u00e9quipement, facilitant ainsi l\u2019acc\u00e8s \u00e0 l\u2019alpinisme, au ski de randonn\u00e9e et \u00e0 d\u2019autres activit\u00e9s de montagne (<em>cascade de glace, etc.<\/em>).<\/p>\n\n\n\n<p class=\"has-white-color has-accent-background-color has-text-color has-background has-link-color wp-elements-52475e83580e0efd51ce53821e2b10c8\">En tant que membre\/adh\u00e9rent Grimpo6 : <strong>tu peux emprunter du mat\u00e9riel !<\/strong><\/p>\n\n\n\n<p class=\"has-accent-color has-text-color has-link-color wp-elements-d46354faa5658779b601e64252583791\"><strong>Mat\u00e9riel disponible :<\/strong><\/p>\n\n\n\n<ul class=\"wp-block-list\">\n<li><strong>Ski de rando <\/strong>: ski (+ peaux, couteaux, baton mais pas de chaussures), kit de<br>secu, raquette<\/li>\n\n\n\n<li><strong>Cascade <\/strong>: piolets + crampons<\/li>\n\n\n\n<li><strong>Alpinisme <\/strong>: piolets neige, crampons neige, broche \u00e0 glace<\/li>\n\n\n\n<li><strong>Trad <\/strong>: friends, coinceurs c\u00e2bl\u00e9s<\/li>\n<\/ul>\n\n\n\n<p class=\"has-accent-color has-text-color has-link-color wp-elements-e2def30464a250409c16aa9125382423\"><strong>Comment emprunter du mat\u00e9riel ?<\/strong><\/p>\n\n\n\n<ul class=\"wp-block-list\">\n<li><strong>Anticipe ta demande<\/strong>\u00a0d\u00e8s que tu es inscrit\u00b7e \u00e0 une sortie pour faciliter la gestion des pr\u00eats.<\/li>\n\n\n\n<li><strong>Priorit\u00e9 aux sorties clubs<\/strong>\u00a0: les emprunts pour les sorties personnelles sont possibles mais passent apr\u00e8s celles des clubs. Par contre, si une sortie perso est pr\u00e9vue et qu\u2019une sortie club se rajoute, le club doit pr\u00e9venir l\u2019emprunteur au moins un mois \u00e0 l\u2019avance pour qu\u2019il puisse se retourner. Sinon, la sortie perso reste prioritaire.<\/li>\n\n\n\n<li><strong>En g\u00e9n\u00e9ral, l\u2019organisateur\u00b7rice de la sortie s\u2019occupe du pr\u00eat pour tous les participant\u00b7e\u00b7s.<\/strong> <br>Si la sortie est organis\u00e9e par un autre club, c\u2019est son r\u00e9f\u00e9rent Coop Alpi Nord qui g\u00e8re ton emprunt.<\/li>\n\n\n\n<li><strong>Pour des sorties Grimpo6 ou personnelles, contacte un\u00b7e r\u00e9f\u00e9rent\u00b7e\u00a0Coop Alpi Nord de Grimpo6<\/strong> (coop-alpi@grimpo6.org). Un emprunt et un retour du mat\u00e9riel ne peuvent \u00eatre fait qu\u2019en la pr\u00e9sence d\u2019un des r\u00e9f\u00e9rents Coop Alpi Nord du club emprunteur (sortie du mat\u00e9riel ET retour du mat\u00e9riel) : un simple adh\u00e9rent n\u2019est pas habilit\u00e9 \u00e0 emprunter et \u00e0 rendre seul le mat\u00e9riel.<\/li>\n\n\n\n<li><strong>Un ch\u00e8que de caution<\/strong> est requis et rendu si tout est en bon \u00e9tat.<\/li>\n<\/ul>\n","protected":false},"excerpt":{"rendered":"<p>Grimpo6 est adh\u00e9rent \u00e0 la Coop Alpi Nord FSGT. La Coop Alpi Nord est une association FSGT qui met \u00e0 disposition du mat\u00e9riel de montagne pour ses clubs adh\u00e9rents. Elle permet de mutualiser les co\u00fbts d\u2019acquisition et d\u2019entretien de l\u2019\u00e9quipement,&#8230; <a class=\"more-link\" href=\"https:\/\/grimpo6.org\/index.php\/sorties\/cool-alpi-nord-fsgt\/\">Continue Reading &rarr;<\/a><\/p>\n","protected":false},"author":11,"featured_media":0,"parent":367,"menu_order":1,"comment_status":"closed","ping_status":"closed","template":"","meta":{"footnotes":""},"class_list":["post-3963","page","type-page","status-publish","hentry"],"_links":{"self":[{"href":"https:\/\/grimpo6.org\/index.php\/wp-json\/wp\/v2\/pages\/3963","targetHints":{"allow":["GET"]}}],"collection":[{"href":"https:\/\/grimpo6.org\/index.php\/wp-json\/wp\/v2\/pages"}],"about":[{"href":"https:\/\/grimpo6.org\/index.php\/wp-json\/wp\/v2\/types\/page"}],"author":[{"embeddable":true,"href":"https:\/\/grimpo6.org\/index.php\/wp-json\/wp\/v2\/users\/11"}],"replies":[{"embeddable":true,"href":"https:\/\/grimpo6.org\/index.php\/wp-json\/wp\/v2\/comments?post=3963"}],"version-history":[{"count":2,"href":"https:\/\/grimpo6.org\/index.php\/wp-json\/wp\/v2\/pages\/3963\/revisions"}],"predecessor-version":[{"id":3968,"href":"https:\/\/grimpo6.org\/index.php\/wp-json\/wp\/v2\/pages\/3963\/revisions\/3968"}],"up":[{"embeddable":true,"href":"https:\/\/grimpo6.org\/index.php\/wp-json\/wp\/v2\/pages\/367"}],"wp:attachment":[{"href":"https:\/\/grimpo6.org\/index.php\/wp-json\/wp\/v2\/media?parent=3963"}],"curies":[{"name":"wp","href":"https:\/\/api.w.org\/{rel}","templated":true}]}}