{"id":776,"date":"2019-05-08T18:44:39","date_gmt":"2019-05-08T16:44:39","guid":{"rendered":"http:\/\/grimpo6.org\/?page_id=776"},"modified":"2025-11-07T14:14:18","modified_gmt":"2025-11-07T13:14:18","slug":"f-a-q","status":"publish","type":"page","link":"https:\/\/grimpo6.org\/index.php\/f-a-q\/","title":{"rendered":"F.A.Q."},"content":{"rendered":"\n<h4 class=\"wp-block-heading\">Foire aux questions. N&rsquo;h\u00e9sitez pas \u00e0 <a rel=\"noreferrer noopener\" href=\"https:\/\/grimpo6.org\/index.php\/informations\/poles-activite\/\" data-type=\"URL\" data-id=\"https:\/\/grimpo6.org\/index.php\/informations\/poles-activite\/\" target=\"_blank\">contacter les p\u00f4les<\/a> si vous ne trouvez pas la r\u00e9ponse ci-dessous \ud83d\ude09<\/h4>\n\n\n\n<div class=\"wp-block-columns is-layout-flex wp-container-core-columns-is-layout-9d6595d7 wp-block-columns-is-layout-flex\">\n<div class=\"wp-block-column has-accent-color has-text-color is-layout-flow wp-block-column-is-layout-flow\">\n<p>Inscriptions<\/p>\n\n\n\n<p>Mat\u00e9riel<\/p>\n\n\n\n<p>Vie de l&rsquo;association<\/p>\n<\/div>\n\n\n\n<div class=\"wp-block-column has-accent-color has-text-color is-layout-flow wp-block-column-is-layout-flow\">\n<p>Grimpe au gymnase<\/p>\n\n\n\n<p>Sorties &#8211; grimpe en ext\u00e9rieur<\/p>\n\n\n\n<p>S\u00e9ances d\u00e9couvertes<\/p>\n<\/div>\n<\/div>\n\n\n\n<hr class=\"wp-block-separator has-css-opacity\"\/>\n\n\n\n<p class=\"has-accent-color has-text-color\"><strong>INSCRIPTIONS<\/strong>&nbsp;:<\/p>\n\n\n\n<ul class=\"wp-block-list\">\n<li><strong>Quand et comment faire pour s\u2019inscrire chez Grimpo6 ?<\/strong><\/li>\n<\/ul>\n\n\n\n<p>Que ce soit pour les <strong>ADULTES<\/strong> ou les <strong>ENFANTS<\/strong>, les prochaines inscriptions auront lieu <strong>fin ao\u00fbt<\/strong>. Toutes les informations <a href=\"https:\/\/grimpo6.org\/index.php\/lassociation-presentation\/inscriptions\/\" target=\"_blank\" rel=\"noreferrer noopener\">sur cette page<\/a>.<\/p>\n\n\n\n<hr class=\"wp-block-separator has-css-opacity\"\/>\n\n\n\n<p class=\"has-accent-color has-text-color\"><strong>MAT\u00c9RIEL<\/strong>&nbsp;:<\/p>\n\n\n\n<ul class=\"wp-block-list\">\n<li><strong>De quel mat\u00e9riel ai-je besoin ?&nbsp;<\/strong><\/li>\n<\/ul>\n\n\n\n<p>Les grimpeurs viennent <strong>au gymnase <\/strong>\u00e9quip\u00e9s avec leur mat\u00e9riel <strong>personnel<\/strong>&nbsp;: baudrier, chaussons et syst\u00e8me d\u2019assurage (descendeur et mousqueton). Pour en savoir plus, rendez-vous en bas <a href=\"https:\/\/grimpo6.org\/index.php\/informations\/le-mur\/\" target=\"_blank\" rel=\"noreferrer noopener\">de cette page<\/a>. <em>Attention&nbsp;: seule la magn\u00e9sie liquide est autoris\u00e9e au gymnase<\/em>.<br>Pour les <strong>sorties ext\u00e9rieures<\/strong>, en couenne ou en grande voie, en plus du mat\u00e9riel \u00ab\u00a0de base\u00a0\u00bb, une liste de mat\u00e9riel est d\u00e9finie en amont par les organisateurs.<\/p>\n\n\n\n<ul class=\"wp-block-list\">\n<li><strong>Quel mat\u00e9riel peut \u00eatre pr\u00eat\u00e9 par Grimpo6 ?<\/strong><\/li>\n<\/ul>\n\n\n\n<p>En cas d\u2019oubli du mat\u00e9riel pour une session au gymnase : des baudriers et chaussons sont disponibles dans le casier du club.<br><br>Lors des <strong>sorties ext\u00e9rieures Grimpo6<\/strong> <strong>(ou d&rsquo;un autre club FSGT)<\/strong> : le club pr\u00eate les cordes et les d\u00e9gaines, et peut \u00e9galement pr\u00eater des casques. (<em>Un syst\u00e8me de suivi est mis en place par le p\u00f4le Mat\u00e9riel pour v\u00e9rifier que le mat\u00e9riel est apte pour les sorties suivantes<\/em>.)<br><br><em>Attention : <br>&#8211; le mat\u00e9riel perso (corde\/d\u00e9gaines) est <strong>interdit <\/strong>lors des Sorties Grimpo6,<br>&#8211; Grimpo6 <strong>ne pr\u00eate pas de mat\u00e9riel pour des sorties personnelles<\/strong> SAUF des crashpads.<\/em><\/p>\n\n\n\n<ul class=\"wp-block-list\">\n<li><strong>Comment b\u00e9n\u00e9ficier de r\u00e9ductions au Vieux Campeur, chez Intersport ou Millet ?<\/strong><\/li>\n<\/ul>\n\n\n\n<p>Votre licence de l&rsquo;ann\u00e9e en cours vous permet de b\u00e9n\u00e9ficier de r\u00e9ductions dans certains magasins de sport. Rendez-vous <a href=\"https:\/\/grimpo6.org\/index.php\/lassociation-presentation\/le-mur\/\" data-type=\"link\" data-id=\"https:\/\/grimpo6.org\/index.php\/lassociation-presentation\/le-mur\/\" target=\"_blank\" rel=\"noreferrer noopener\">sur cette page<\/a> pour conna\u00eetre les conditions.<\/p>\n\n\n\n<hr class=\"wp-block-separator has-css-opacity\"\/>\n\n\n\n<p class=\"has-accent-color has-text-color\"><strong>ESCALADE AU GYMNASE GRIMPO6 :<\/strong><\/p>\n\n\n\n<ul class=\"wp-block-list\">\n<li><strong>Je ne connais (encore) personne, comment trouver un bin\u00f4me pour grimper ?<\/strong><\/li>\n<\/ul>\n\n\n\n<p>Aucun souci, c&rsquo;est le principe m\u00eame de l&rsquo;association : on vient partager une activit\u00e9, et se rencontrer. En semaine ou le week-end, il y a aura toujours des grimpeurs avec qui partager une s\u00e9ance.<br>Il existe \u00e9galement un groupe <em>What\u2019s App<\/em> sur lequel les adh\u00e9rents peuvent s\u2019inscrire et \u00e9changer : demandez-nous pour \u00eatre ajout\u00e9 !<\/p>\n\n\n\n<ul class=\"wp-block-list\">\n<li><strong>O\u00f9 et quand est-il possible de grimper chez les voisins ?<\/strong><\/li>\n<\/ul>\n\n\n\n<p>En tant que membre Grimpo6, il est possible de grimper sur&nbsp;d&rsquo;autres murs que celui de son association FSGT, et ce, dans toute l&rsquo;Ile-de-France. Pour connaitre les jours et horaires, rendez-vous sur le site de la FSGT, <a href=\"https:\/\/docs.google.com\/spreadsheets\/d\/1Ne8EcecR114npRqZG9SS3435R9BuQguCIasvHMlVI4U\/edit?pli=1&amp;gid=1307491339#gid=1307491339\" target=\"_blank\" rel=\"noreferrer noopener\">sur cette page<\/a>.<\/p>\n\n\n\n<ul class=\"wp-block-list\">\n<li><strong>Quand Grimpo6 accueille-t-il ses \u00ab\u00a0voisins\u00a0\u00bb FSGT ?<\/strong><\/li>\n<\/ul>\n\n\n\n<p>Nous accueillons les voisins FSGT sur tous nos cr\u00e9neaux. Les jours et horaires d\u2019ouverture du gymnase sont disponibles <a href=\"https:\/\/grimpo6.org\/index.php\/informations\/horaires\/\" target=\"_blank\" rel=\"noreferrer noopener\">sur cette page<\/a>.<br><em>(A noter&nbsp;: le gymnase fait partie du lyc\u00e9e Montaigne, il est donc ferm\u00e9 lors des vacances scolaires)<\/em><\/p>\n\n\n\n<ul class=\"wp-block-list\">\n<li><strong>Je n\u2019ai pas pratiqu\u00e9 depuis le d\u00e9but de l\u2019ann\u00e9e et je ne me sens pas tr\u00e8s autonome : qui contacter ?<\/strong><\/li>\n<\/ul>\n\n\n\n<p>Pas d\u2019inqui\u00e9tude, il est toujours temps de se remettre \u00e0 grimper&nbsp;! Ne pas h\u00e9siter \u00e0 se rapprocher du p\u00f4le <em>Accueil &amp; Autonomie des nouveaux<\/em> qui organisera une session de mise \u00e0 niveau, pour (re)trouver son autonomie. Contacts <a href=\"https:\/\/grimpo6.org\/index.php\/lassociation-presentation\/poles-activite\/\" target=\"_blank\" rel=\"noreferrer noopener\">sur cette page<\/a>.<\/p>\n\n\n\n<ul class=\"wp-block-list\">\n<li><strong>Est-il possible de grimper avec son enfant pendant les cr\u00e9neaux libres&nbsp;?<\/strong><\/li>\n<\/ul>\n\n\n\n<p>Il est tout \u00e0 fait possible de venir grimper avec son enfant membre de Grimpo6, pendant les <a href=\"https:\/\/grimpo6.org\/index.php\/informations\/horaires\/\" target=\"_blank\" rel=\"noreferrer noopener\">cr\u00e9neaux d\u2019ouverture<\/a> du gymnase, \u00e0 la condition d\u2019\u00eatre soi-m\u00eame adh\u00e9rent Grimpo6 et valid\u00e9 \u00ab\u00a0autonome\u00a0\u00bb.<\/p>\n\n\n\n<ul class=\"wp-block-list\">\n<li><strong>Puis-je venir avec un ami au gymnase pour grimper ?<\/strong><\/li>\n<\/ul>\n\n\n\n<p>Seuls les membres de Grimpo6 ou d\u2019autres associations d\u2019escalade de la FSGT (les \u00ab\u00a0voisins\u00a0\u00bb) peuvent venir grimper au gymnase. Cependant il est possible de faire d\u00e9couvrir l&rsquo;escalade \u00e0 un proche avec une \u00ab\u00a0licence d\u00e9couverte FSGT\u00a0\u00bb. <em>Cf en bas de cette page pour plus d&rsquo;infos.<\/em><\/p>\n\n\n\n<ul class=\"wp-block-list\">\n<li><strong>Que faire en cas d\u2019accident au gymnase ?<\/strong><\/li>\n<\/ul>\n\n\n\n<p>&#8211; Si l\u2019accident ne n\u00e9cessite pas l\u2019intervention d\u2019une \u00e9quipe m\u00e9dicale, une trousse \u00e0 pharmacie est disponible dans le casier grillag\u00e9, dans la r\u00e9serve.<br>&#8211; Si l\u2019accident n\u00e9cessite l\u2019intervention d\u2019une \u00e9quipe m\u00e9dicale, contacter le gardien disponible \u00e0 l\u2019accueil du gymnase, le proche du grimpeur (\u00ab\u00a0personne \u00e0 contacter en cas d\u2019accident\u00a0\u00bb) et le bureau Grimpo6.<br>&#8211; La d\u00e9claration doit imp\u00e9rativement \u00eatre faite dans les 3 jours.<\/p>\n\n\n\n<hr class=\"wp-block-separator has-css-opacity\"\/>\n\n\n\n<p class=\"has-accent-color has-text-color\"><strong>SORTIES \/ ESCALADE EN EXT\u00c9RIEUR :<\/strong><\/p>\n\n\n\n<ul class=\"wp-block-list\">\n<li><strong>Est-ce que des sorties ext\u00e9rieures sont organis\u00e9es ?<\/strong><\/li>\n<\/ul>\n\n\n\n<p>Toute l\u2019ann\u00e9e (quand le temps le permet&nbsp;!), le p\u00f4le Sorties organise des sorties en ext\u00e9rieur, sur des sites de bloc ou en falaise, en Ile-de-France, en France\u2026 ou plus loin&nbsp;\ud83d\ude42<br><strong>Tous les membres peuvent proposer une sortie, une \u00e9quipe d\u00e9di\u00e9e \u00e0 l\u2019organisation sera alors mise en place. <\/strong>Une id\u00e9e&nbsp;? Contactez le p\u00f4le Sorties&nbsp;!<\/p>\n\n\n\n<p>Toutes les infos sur \u00ab\u00a0<strong>comment organiser une sortie Grimpo6 ?<\/strong>\u00a0\u00bb : <a rel=\"noreferrer noopener\" href=\"https:\/\/grimpo6.org\/index.php\/sorties\/organiser-une-sortie\/\" target=\"_blank\">sur cette page<\/a>.<br>Les r\u00e9cits de nos derni\u00e8res sorties, en image : <a href=\"https:\/\/grimpo6.org\/index.php\/category\/actualite\/sorties\/\" target=\"_blank\" rel=\"noreferrer noopener\">sur cette page<\/a>.<\/p>\n\n\n\n<ul class=\"wp-block-list\">\n<li><strong>Que faire en cas d\u2019accident en ext\u00e9rieur ?<\/strong><\/li>\n<\/ul>\n\n\n\n<p>&#8211; Si l\u2019accident ne n\u00e9cessite pas l\u2019intervention d\u2019une \u00e9quipe m\u00e9dicale, une trousse \u00e0 pharmacie est disponible aupr\u00e8s des organisateurs de la sortie.<br>&#8211; Si l\u2019accident n\u00e9cessite l\u2019intervention d\u2019une \u00e9quipe m\u00e9dicale, se rapprocher des organisateurs, contacter le proche du grimpeur (\u00ab&nbsp;personne \u00e0 contacter en cas d\u2019accident&nbsp;\u00bb) et le bureau Grimpo6.<br>&#8211; La d\u00e9claration doit imp\u00e9rativement \u00eatre faite dans les 3 jours.<\/p>\n\n\n\n<hr class=\"wp-block-separator has-css-opacity\"\/>\n\n\n\n<p class=\"has-accent-color has-text-color\"><strong>VIE DE L&rsquo;ASSOCIATION :<\/strong><\/p>\n\n\n\n<ul class=\"wp-block-list\">\n<li><strong>Comment faire pour rejoindre un p\u00f4le qui m\u2019int\u00e9resse ?<\/strong><\/li>\n<\/ul>\n\n\n\n<p>Chez Grimpo6, <strong>chaque membre fait partie d\u2019un ou plusieurs p\u00f4les, et participe ainsi concr\u00e8tement <\/strong>au fonctionnement de l\u2019association. Pour rejoindre un p\u00f4le (ou pour s\u2019en retirer), il suffit de contacter les r\u00e9f\u00e9rents du p\u00f4le en question. La liste des r\u00e9f\u00e9rents de p\u00f4le et leur contact est <a href=\"https:\/\/grimpo6.org\/index.php\/informations\/poles-activite\/\" target=\"_blank\" rel=\"noreferrer noopener\">sur cette page<\/a>.<\/p>\n\n\n\n<ul class=\"wp-block-list\">\n<li><strong>Comment contacter un p\u00f4le ?<\/strong><\/li>\n<\/ul>\n\n\n\n<p>Envoyez nous un message via WhatsApp ou un email. La liste des emails par p\u00f4le est : <a href=\"https:\/\/grimpo6.org\/index.php\/informations\/poles-activite\/\" target=\"_blank\" rel=\"noreferrer noopener\">sur cette page<\/a>.<br>Vous ne savez pas quel p\u00f4le contacter&nbsp;? Contactez-nous&nbsp;: <a href=\"mailto:contact@grimpo6.org\">contact@grimpo6.org<\/a>.<\/p>\n\n\n\n<ul class=\"wp-block-list\">\n<li><strong>Comment m\u2019investir plus dans la vie de l\u2019association ?<\/strong><\/li>\n<\/ul>\n\n\n\n<p>Chaque membre de Grimpo6 fait partie d\u2019un ou de plusieurs p\u00f4les et participe ainsi concr\u00e8tement au fonctionnement de l\u2019association. Les p\u00f4les sont repr\u00e9sent\u00e9s par des r\u00e9f\u00e9rents qui font partie du bureau \u00e9largi.<br>Vous souhaitez vous investir davantage&nbsp;? Parlez-en avec les r\u00e9f\u00e9rents de p\u00f4le lors d\u2019une session au gymnase, d\u2019une sortie ou par email (pr\u00e9noms et emails&nbsp;<a href=\"https:\/\/grimpo6.org\/index.php\/informations\/poles-activite\/\" target=\"_blank\" rel=\"noreferrer noopener\">sur cette page<\/a>).<br>Les missions et projets des p\u00f4les n\u00e9cessitent l\u2019implication d\u2019un maximum de b\u00e9n\u00e9voles motiv\u00e9s, toute l\u2019ann\u00e9e&nbsp;!&nbsp;\ud83d\ude42<\/p>\n\n\n\n<ul class=\"wp-block-list\">\n<li><strong>Qui prend les d\u00e9cisions \u00e0 Grimpo6 ?<\/strong><\/li>\n<\/ul>\n\n\n\n<p>Chez Grimpo6, c\u2019est le&nbsp;bureau&nbsp;qui centralise les diff\u00e9rents sujets, prend les d\u00e9cisions et les orientations&nbsp;pour l\u2019association, de mani\u00e8re d\u00e9mocratique. Le bureau est compos\u00e9 des&nbsp;r\u00e9f\u00e9rents de tous les p\u00f4les, membres coopt\u00e9s par ceux d\u00e9j\u00e0 en place apr\u00e8s avoir fait part de leur envie et s\u2019\u00eatre investis dans l\u2019association. Plus d\u2019information sur <a href=\"https:\/\/grimpo6.org\/index.php\/informations\/poles-activite\/\" target=\"_blank\" rel=\"noreferrer noopener\">cette page<\/a>.<\/p>\n\n\n\n<ul class=\"wp-block-list\">\n<li><strong>Qu\u2019est-ce que la FSGT ?<\/strong><\/li>\n<\/ul>\n\n\n\n<p>La F\u00e9d\u00e9ration Sportive et Gymnique du Travail (<a href=\"https:\/\/www.fsgt.org\/\" target=\"_blank\" rel=\"noreferrer noopener\">FSGT<\/a>) est une f\u00e9d\u00e9ration omnisports. Cr\u00e9\u00e9e en 1934, elle promeut le droit d\u2019acc\u00e8s au sport de toutes et tous en se donnant comme objectif le d\u00e9veloppement de contenus d\u2019activit\u00e9s, de vie associative et de formation adapt\u00e9s aux besoins de la population. La FSGT a une longue et belle histoire et un pr\u00e9sent dynamique et joyeux avec ses 270 000 pratiquants, 4 700 clubs et centaine d\u2019activit\u00e9s physiques, sportives et artistiques.<br>Grimpo6 est affili\u00e9e \u00e0 la&nbsp;<a rel=\"noreferrer noopener\" aria-label=\" (s\u2019ouvre dans un nouvel onglet)\" href=\"http:\/\/www.fsgt.org\/\" target=\"_blank\">FSGT<\/a>&nbsp;et fait partie du&nbsp;<a rel=\"noreferrer noopener\" aria-label=\" (s\u2019ouvre dans un nouvel onglet)\" href=\"http:\/\/fsgt75.org\/\" target=\"_blank\">comit\u00e9 de Paris.<\/a><\/p>\n\n\n\n<ul class=\"wp-block-list\">\n<li><strong>Grimpo6 est-il sur les r\u00e9seaux sociaux ?<\/strong><\/li>\n<\/ul>\n\n\n\n<p>Vous pouvez suivre l\u2019actualit\u00e9 et les \u00e9v\u00e9nements Grimpo6 en consultant et vous abonnant \u00e0 notre <a rel=\"noreferrer noopener\" aria-label=\" (s\u2019ouvre dans un nouvel onglet)\" href=\"https:\/\/www.facebook.com\/grimpo6\/\" target=\"_blank\">page Facebook<\/a> et notre <a href=\"https:\/\/www.instagram.com\/grimpo6\/\" target=\"_blank\" rel=\"noreferrer noopener\" aria-label=\" (s\u2019ouvre dans un nouvel onglet)\">compte Instagram<\/a> !<\/p>\n\n\n\n<hr class=\"wp-block-separator has-css-opacity\"\/>\n\n\n\n<p class=\"has-accent-color has-text-color\"><strong>S\u00c9ANCES \u00ab\u00a0D\u00c9COUVERTE DE L&rsquo;ESCALADE\u00a0\u00bb<\/strong><\/p>\n\n\n\n<p><strong>Vous h\u00e9sitez \u00e0 vous inscrire chez Grimpo6 ? Vous souhaitez d\u00e9couvrir l&rsquo;escalade (enfants ou adultes) ?<\/strong><\/p>\n\n\n\n<p>Nous pouvons proposer des s\u00e9ances \u00ab\u00a0d\u00e9couverte\u00a0\u00bb, avec une licence d\u00e9couverte FSGT. Contactez nous : <a href=\"https:\/\/grimpo6.org\/index.php\/contacts\/\" target=\"_blank\" rel=\"noreferrer noopener\">Contacts \u2013 Grimpo6<\/a> ! <br><em>\u00c0 noter : s\u00e9ances r\u00e9serv\u00e9es \u00e0 des d\u00e9butants total en escalade, grimpe uniquement en moulinette (pas de grimpe en t\u00eate, pas d&rsquo;assurage), limit\u00e9 \u00e0 une licence par personne.<\/em><\/p>\n","protected":false},"excerpt":{"rendered":"<p>Foire aux questions. N&rsquo;h\u00e9sitez pas \u00e0 contacter les p\u00f4les si vous ne trouvez pas la r\u00e9ponse ci-dessous \ud83d\ude09 Inscriptions Mat\u00e9riel Vie de l&rsquo;association Grimpe au gymnase Sorties &#8211; grimpe en ext\u00e9rieur S\u00e9ances d\u00e9couvertes INSCRIPTIONS&nbsp;: Que ce soit pour les ADULTES&#8230; <a class=\"more-link\" href=\"https:\/\/grimpo6.org\/index.php\/f-a-q\/\">Continue Reading &rarr;<\/a><\/p>\n","protected":false},"author":11,"featured_media":0,"parent":0,"menu_order":0,"comment_status":"closed","ping_status":"closed","template":"","meta":{"footnotes":""},"class_list":["post-776","page","type-page","status-publish","hentry"],"_links":{"self":[{"href":"https:\/\/grimpo6.org\/index.php\/wp-json\/wp\/v2\/pages\/776","targetHints":{"allow":["GET"]}}],"collection":[{"href":"https:\/\/grimpo6.org\/index.php\/wp-json\/wp\/v2\/pages"}],"about":[{"href":"https:\/\/grimpo6.org\/index.php\/wp-json\/wp\/v2\/types\/page"}],"author":[{"embeddable":true,"href":"https:\/\/grimpo6.org\/index.php\/wp-json\/wp\/v2\/users\/11"}],"replies":[{"embeddable":true,"href":"https:\/\/grimpo6.org\/index.php\/wp-json\/wp\/v2\/comments?post=776"}],"version-history":[{"count":29,"href":"https:\/\/grimpo6.org\/index.php\/wp-json\/wp\/v2\/pages\/776\/revisions"}],"predecessor-version":[{"id":4233,"href":"https:\/\/grimpo6.org\/index.php\/wp-json\/wp\/v2\/pages\/776\/revisions\/4233"}],"wp:attachment":[{"href":"https:\/\/grimpo6.org\/index.php\/wp-json\/wp\/v2\/media?parent=776"}],"curies":[{"name":"wp","href":"https:\/\/api.w.org\/{rel}","templated":true}]}}